and 240877.
91
Calculate the greatest common factor of 738138 and 258.
258
Calculate the greatest common factor of 40704 and 742.
106
Calculate the highest common factor of 7455 and 70.
35
What is the highest common divisor of 315 and 405?
45
Calculate the highest common factor of 8569 and 6061.
209
Calculate the greatest common divisor of 419498 and 698.
698
What is the greatest common divisor of 200 and 12770?
10
What is the highest common factor of 2148 and 4512?
12
What is the greatest common divisor of 94974 and 4?
2
What is the highest common factor of 1473 and 1849597?
491
Calculate the highest common factor of 3024 and 508410.
378
What is the greatest common factor of 1911 and 1594047?
273
Calculate the highest common factor of 179991 and 42.
21
What is the greatest common factor of 320 and 680?
40
What is the greatest common divisor of 1313 and 37830?
13
What is the highest common divisor of 1274 and 1326?
26
What is the highest common divisor of 21614 and 27674?
202
What is the greatest common divisor of 492 and 450426?
246
Calculate the greatest common factor of 44000 and 5.
5
Calculate the greatest common factor of 8856 and 2349.
27
What is the highest common factor of 75153 and 123?
123
What is the highest common factor of 84284 and 76?
76
What is the greatest common divisor of 872 and 6052?
4
What is the greatest common divisor of 20792 and 296?
8
Calculate the greatest common factor of 40660 and 54784.
428
Calculate the greatest common divisor of 290 and 825369.
29
What is the highest common factor of 63960 and 78?
78
Calculate the greatest common divisor of 4027694 and 290.
58
What is the greatest common divisor of 992 and 70370?
62
Calculate the highest common factor of 77147 and 75649.
749
What is the highest common factor of 11592 and 13608?
504
What is the highest common factor of 3678 and 280141?
613
What is the greatest common factor of 210 and 115?
5
Calculate the greatest common divisor of 140592 and 2784.
1392
What is the highest common factor of 246 and 56211?
123
What is the greatest common factor of 114 and 332880?
114
What is the greatest common divisor of 74705 and 670?
335
Calculate the greatest common divisor of 8659 and 4571.
7
Calculate the highest common factor of 441 and 4949.
49
What is the greatest common divisor of 340221 and 714?
357
What is the highest common factor of 640 and 103160?
40
What is the greatest common factor of 218190 and 714?
42
Calculate the greatest common divisor of 20368 and 3819.
1273
What is the highest common factor of 26975 and 171561?
1079
What is the greatest common divisor of 325 and 1680800?
25
What is the greatest common divisor of 16510 and 1612?
26
Calculate the highest common factor of 1529747 and 19.
19
Calculate the greatest common factor of 39151 and 1519.
49
What is the highest common divisor of 20322 and 18?
18
Calculate the greatest common divisor of 56 and 128254.
14
Calculate the highest common divisor of 183650 and 1450.
50
What is the greatest common factor of 36036 and 3016?
52
What is the greatest common divisor of 1996490 and 344?
86
What is the highest common divisor of 5040 and 317970?
90
What is the greatest common factor of 2233 and 4697?
77
Calculate the highest common factor of 491436 and 3927.
561
Calculate the highest common divisor of 210 and 28050.
30
What is the highest common divisor of 87 and 2813?
29
Calculate the greatest common factor of 1498788 and 372.
372
Calculate the greatest common divisor of 67608 and 8.
8
What is the highest common factor of 3025 and 56265?
605
What is the highest common factor of 3598 and 7?
7
What is the greatest common factor of 423 and 50901?
141
What is the highest common divisor of 1740 and 1065?
15
Calculate the greatest common divisor of 17822 and 30590.
266
What is the greatest common divisor of 633637 and 1132?
283
Calculate the greatest common factor of 7 and 72499.
7
Calculate the highest common factor of 190799 and 22199.
281
Calculate the greatest common divisor of 181 and 688524.
181
What is the greatest common divisor of 1620 and 17100?
180
What is the highest common factor of 1445504 and 46?
46
What is the greatest common factor of 8836 and 2068?
188
What is the greatest common factor of 570922 and 154?
22
Calculate the highest common factor of 2028 and 3341.
13
What is the greatest common divisor of 21033 and 342?
171
Calculate the greatest common divisor of 20 and 816090.
10
What is the greatest common factor of 78 and 4028895?
39
Calculate the greatest common factor of 5080 and 6560.
40
Calculate the greatest common factor of 2301 and 2495051.
767
Calculate the greatest common divisor of 8736 and 68328.
312
What is the highest common divisor of 68142 and 3047?
277
What is the greatest common factor of 12886 and 272?
34
What is the highest common factor of 844 and 138627?
211
Calculate the greatest common factor of 3150 and 414.
18
What is the highest common factor of 1147 and 27187?
31
Calculate the highest common factor of 629 and 7497.
17
What is the highest common divisor of 1368 and 201267?
171
Calculate the greatest common divisor of 67 and 1302681.
67
What is the highest common factor of 129 and 1376043?
129
Calculate the greatest common factor of 54 and 109917.
27
What is the greatest common factor of 777088 and 13?
13
What is the greatest common divisor of 442218 and 126?
42
What is the highest common factor of 592 and 22903?
37
Calculate the highest common factor of 713 and 37076.
713
Calculate the highest common factor of 19737 and 51.
51
Calculate the greatest common divisor of 36328 and 20824.
152
What is the highest common divisor of 7154 and 980?
98
Calculate the highest common divisor of 1264 and 9370664.
632
Calculate the highest common divisor of 165 and 19833.
33
Calculate the greatest common factor of 1840 and 4240.
80
Calculate the greatest common divisor of 28968 and 2703.
51
Calculate the highest common divisor of 1491 and 24708.
213
What is the highest common divisor of 11182650 and 25?
25
What is the greatest common factor of 140 and 303080?
20
Calculate the greatest common factor of 771 and 537.
3
Calculate the highest common factor of 156 and 66204.
12
What is the greatest common divisor of 196329 and 336?
21
Calculate the highest common factor of 42 and 370860.
42
What is the greatest common divisor of 5917 and 1552?
97
Calculate the greatest common divisor of 4337 and 2.
1
Calculate the greatest common factor of 3971 and 170031.
361
Calculate the highest common factor of 315 and 35775.
45
Calculate the highest common factor of 277632 and 864.
288
What is the greatest common factor of 18037320 and 42?
42
Calculate the greatest common factor of 596090 and 110.
110
Calculate the highest common divisor of 5593 and 3247.
17
What is the highest common divisor of 2865 and 35?
5
Calculate the greatest common divisor of 568716 and 2324.
332
Calculate the highest common divisor of 33480 and 12042.
54
Calculate the highest common factor of 13245 and 555.
15
Calculate the greatest common factor of 748 and 20438.
22
Calculate the greatest common factor of 2696220 and 27.
27
Calculate the highest common divisor of 1898 and 2774.
146
Calculate the greatest common divisor of 1022565 and 15.
15
What is the highest common divisor of 22716 and 12?
12
Calculate the greatest common factor of 3936 and 141.
3
Calculate the highest common divisor of 368 and 539304.
184
What is the highest common factor of 4660 and 55060?
20
What is the highest common factor of 335546 and 11076?
142
Calculate the greatest common divisor of 39947 and 215.
43
What is the highest common factor of 48132 and 72?
36
What is the highest common factor of 1026 and 1734?
6
What is the highest common factor of 638 and 65830?
58
What is the greatest common factor of 29484 and 2730?
546
What is the highest common divisor of 176139 and 108?
9
What is the highest common divisor of 23066 and 608?
38
What is the greatest common divisor of 6630 and 24141?
39
What is the greatest common divisor of 54 and 6354?
18
What is the highest common divisor of 268 and 716?
4
Calculate the greatest common factor of 1064628 and 180.
36
What is the highest common divisor of 25 and 1472210?
5
Calculate the highest common factor of 17365 and 